et x = 474 + -250. List the prime factors of x.
2, 7
Suppose -4*z - 140 = -5*u + z, 0 = 5*u + 4*z - 104. Let y = u + 5. List the prime factors of y.
29
Let q = -72 + 141. What are the prime factors of q?
3, 23
Suppose 5 = -2*l - 1. Let u = 53 + -37. Let s = u + l. What are the prime factors of s?
13
Suppose 3*t = 5*t - 132. What are the prime factors of t?
2, 3, 11
What are the prime factors of 86 - ((-10)/(-2) + -1)?
2, 41
Let y = 6 - -5. Let x = 48 - y. List the prime factors of x.
37
Let v = -247 + 422. List the prime factors of v.
5, 7
Suppose d + 3 = 8. What are the prime factors of d?
5
List the prime factors of (-35992)/(-418) - (-2)/(-19).
2, 43
Let u be ((-8)/(-1))/(4/6). List the prime factors of (-2 + -16)*u/(-8).
3
Let q = -4 + 7. Suppose q*c - 21 = -3*a, -6 - 7 = -c + a. What are the prime factors of c?
2, 5
Suppose 0 = 5*h + 4*r - 220, -r + 220 = 5*h + 2*r. What are the prime factors of h?
2, 11
Suppose -3*p - w + 14 = -0*p, -5*w = -2*p - 2. Suppose -2*d = -p*d + 3*z + 23, 0 = 4*d - 4*z - 44. List the prime factors of d.
2, 5
Let s be 6 + 2*(0 + -1). Suppose s*u - f = -3*f + 146, -5*u = -2*f - 205. List the prime factors of u.
3, 13
Suppose 5*y = 5*r + 160, -r = y - 5*r - 35. List the prime factors of y.
31
Let m = 5 - -3. List the prime factors of m.
2
Suppose -11*b + 252 = -4*b. List the prime factors of b.
2, 3
List the prime factors of (-11 + 71)/((-3)/(-2)).
2, 5
Suppose -14 = -4*c - 2*s, -c - 4*c + 23 = -3*s. Suppose -q = -4 - c. Suppose -4*b = -q - 8. What are the prime factors of b?
2
What are the prime factors of (-4)/(-1 - (38/36 + -2))?
2, 3
Let m = -112 + 38. Let a = 32 + m. Let t = a + 59. What are the prime factors of t?
17
Let t(u) = -11*u + 28. What are the prime factors of t(-12)?
2, 5
Let b(i) = i**2 - 9*i - 4. Let s be b(9). Let k = 8 - s. List the prime factors of (-163)/(-11) - k/(-66).
3, 5
Suppose 12 + 32 = 4*m + 4*k, m - 13 = k. Suppose -7*z = -m*z + 260. List the prime factors of z.
2, 13
Let y(s) = 8*s - 24. List the prime factors of y(10).
2, 7
Let k(t) = 6*t**2 - 8*t + 20. Let u(o) = 7*o**2 - 7*o + 21. Let h(l) = -6*k(l) + 5*u(l). What are the prime factors of h(6)?
3
Let n = -16 - -10. What are the prime factors of (1 - n)/(3/6)?
2, 7
Let a(f) = f**3 - 4*f**2 + 9*f - 8. Let o be a(5). Suppose -d + 4*p = p - 31, -2*d + 4*p = -o. What are the prime factors of d?
31
What are the prime factors of (-5*(-4)/(-20)*3)/(-1)?
3
Let r(t) = -t**3 + t**2. Let j be r(2). What are the prime factors of (45/(-10))/(2/j)?
3
Suppose 2*f = 6*f - 16. Suppose -n = -16 + f. Suppose 4*d - 20 = 3*c + 13, 2*c = d - n. List the prime factors of d.
2, 3
Let k = 56 - 38. List the prime factors of k.
2, 3
Suppose -32*z = -37*z + 1075. What are the prime factors of z?
5, 43
Let x(p) = 26*p - 62. List the prime factors of x(17).
2, 5, 19
Suppose -5*y = -10, 4*g + 4*y = y + 86. Let j = g + -14. Let q = j - 4. What are the prime factors of q?
2
Let p(x) = x**3 + 7*x**2 + 5*x + 2. Let b be p(-6). Suppose 5*w - 5*d + 25 = 0, -2*d + 3*d = 3*w + 5. Let y = b + w. List the prime factors of y.
2
Let o(a) = 4*a + 8. Let q(z) = -1. Suppose h + 16 = -h. Let p(r) = h*q(r) - o(r). List the prime factors of p(-2).
2
Let n(a) = -8*a - 2. Let w be n(-3). Let m = w - 15. List the prime factors of m.
7
What are the prime factors of -2*((-5)/10 - 4)?
3
Let f(u) = -u**2 + 4. Let q be f(0). Suppose -q*d - 4*r + 168 = 0, -d - 4*d + 180 = -5*r. List the prime factors of d.
3, 13
Let b(k) = k**2 - k. Let w be b(0). Let i = 39 - 18. Suppose 2*t + w*t - i = -3*g, 4*t - 49 = g. List the prime factors of t.
2, 3
Let y be ((-2)/(-3))/(8/84). Let s(w) = 2*w - 2. What are the prime factors of s(y)?
2, 3
Let r(m) = m**2 + 13*m + 12. Let u be r(-12). Suppose u + 35 = g. List the prime factors of g.
5, 7
Let w(n) = -n + 5. Let f be w(4). Suppose 4 + f = -5*s. Let t = s - -5. What are the prime factors of t?
2
Let t(g) be the second derivative of g**2 + 0 - 1/20*g**5 + 2*g + 1/2*g**3 + 1/4*g**4. List the prime factors of t(3).
11
Let k = -16 + 51. List the prime factors of k.
5, 7
Let d = -92 - -140. List the prime factors of d.
2, 3
Suppose 0 = 3*y - 3*o + 60, 0*o - 116 = 5*y - o. Let h = -9 - y. What are the prime factors of h?
3, 5
Let p(q) = 17*q - 6. List the prime factors of p(3).
3, 5
Let g = -32 - -7. Let x = g + 66. List the prime factors of x.
41
Suppose 2*b - 3*s = 29, -13 = 4*b - 8*b - 3*s. What are the prime factors of b?
7
Let d = -5 - 3. Let f = d - -14. What are the prime factors of f?
2, 3
Suppose -3*m + 4*m = -3*r + 178, -4*r + 514 = 3*m. List the prime factors of m.
2, 83
What are the prime factors of (176/(-10))/((-28)/70)?
2, 11
Let f(p) = -p**3 - p**2 - p - 2. Let q be (-1)/(9/6 - 1). Let m be f(q). Suppose m*d + 0*d + 12 = -r, -2*r + 2*d + 26 = 0. What are the prime factors of r?
2
Let a = -18 + 33. Let g = 4 + a. Let c = g - 7. List the prime factors of c.
2, 3
Suppose 65 = 4*q - 39. Let p = -11 + q. List the prime factors of p.
3, 5
Let i(h) = 135*h + 3. List the prime factors of i(1).
2, 3, 23
Let z be (-48)/15*10/(-4). Let u = 22 - z. What are the prime factors of u?
2, 7
Let y(c) be the second derivative of -c**5/12 - c**3/6 + c. Let d(l) be the second derivative of y(l). What are the prime factors of d(-1)?
2, 5
Let c(f) = -f**2 + 5*f + 2. Let q be c(5). Let o(y) = 3*y - 4*y - 3 - y**q + 9*y. List the prime factors of o(7).
2
Let z be 0 + (40/2 - -1). Let j be (6/(-8))/((-3)/(-60)). Let s = j + z. List the prime factors of s.
2, 3
Suppose v - 5*t = 63, 3*t = -5*v - 8 + 183. Suppose -2*q = -28 - v. List the prime factors of q.
3, 11
Let p = -7 + 16. Let x(v) = 4 - v**2 - v**3 + 3 - 4 + p*v - 3*v**2. List the prime factors of x(-6).
3, 7
Suppose -31 = -3*g - 10. Let n = g + 30. List the prime factors of n.
37
Let v(u) = u**3 + 2*u**2 - 5*u - 4. Let y be v(-3). Suppose 3*d = 2*d + y. Suppose p - d - 3 = 0. What are the prime factors of p?
5
Let m be (-1)/((-5)/(-3) + -2). Suppose 3*z - 30 = -m*w, z = w - 0*w - 18. List the prime factors of w.
2, 7
Let d(b) = -5*b**2 + 14*b + 112. Let v(t) = 2*t**2 - 5*t - 37. Let f(m) = 3*d(m) + 8*v(m). What are the prime factors of f(0)?
2, 5
Suppose 4*j + 4 = 4*r - 4, 0 = -3*j. List the prime factors of 27/4 - r/(-8).
7
Let t(h) = h**3 + 7*h**2 + 5*h + 5. Let k be t(-6). Let a(l) = l**2 - 5*l + 1. Let r be a(4). Let s = r + k. List the prime factors of s.
2
Suppose 0 = -c + 2*c - 52. List the prime factors of c.
2, 13
Suppose 0 = -2*h - 2*h + 128. List the prime factors of h.
2
Suppose 0 = -0*x + 4*x - 332. What are the prime factors of x?
83
Let l(v) = v**3 + 12*v**2 - 15*v. What are the prime factors of l(-13)?
2, 13
Let g = 125 - -168. What are the prime factors of g?
293
Let h = 53 + 16. List the prime factors of h.
3, 23
Let k(v) = -3*v - 3. Let m be k(-2). What are the prime factors of m + (-1 - -61)/4?
2, 3
Let y(k) = 10*k**2 + 3*k - 4. Let q be y(3). Suppose -v + 2*h - 14 = 0, -3*v - v = 5*h + q. List the prime factors of 3/(-2 - 46/v).
2, 5
Let s = 43 + -20. What are the prime factors of s?
23
Let m = 4 - 4. Suppose m = 3*k - 21 - 24. What are the prime factors of k?
3, 5
Suppose 34 = -5*f - 1. Let c be 2 - 1 - (-13 + 1). Let m = f + c. List the prime factors of m.
2, 3
What are the prime factors of 4 + 0 + -3 - -7?
2
Suppose -3*p = 12, p + 9 + 6 = a. Let s be 2/4 - 1/(-2). Suppose 4*x - a = s. What are the prime factors of x?
3
Let t(x) = x**2 + 14*x - 9. What are the prime factors of t(-15)?
2, 3
Let x = 83 + -36. List the prime factors of x.
47
Suppose f - 5*z + 22 = 0, -3*f + z - 2 = -6. Let u be 2/8 - 62/(-8). Suppose f*a - 10 - u = 0. List the prime factors of a.
2, 3
Suppose 321 = -78*b + 79*b. What are the prime factors of b?
3, 107
Let a = 50 - 33. Let n = -7 + 10. Suppose n*w + 5*h + 1 = 0, 6*h = -w + h - a. What are the prime factors of w?
2
Suppose -9 = 5*i - 6*i. Let s = -4 + i. What are the prime factors of s?
5
Let n(y) = -y**3 - 2*y**2 + 6*y + 1. Let b be n(-4). Suppose -4*l - 13 = -1, 0 = -5*p - 2*l + b. What are the prime factors of p?
3
Suppose -6 = -2*z - z. Let l(u) = 2*u - 4*u**z + 2*u**2 - 8*u + 3*u**2 - 2. List the prime factors of l(7).
5
Suppose -2*u - 164 = -3*i, 5*i - 362 = -u - 67. List the prime factors of i.
2, 29
Let r = -9 - -5. What are the prime factors of (